{"id":483,"date":"2016-06-03T11:14:19","date_gmt":"2016-06-03T11:14:19","guid":{"rendered":"http:\/\/moments.select-themes.com\/?page_id=483"},"modified":"2021-03-08T18:55:29","modified_gmt":"2021-03-08T18:55:29","slug":"o-nama","status":"publish","type":"page","link":"https:\/\/slovarica.hr\/index.php\/o-nama\/","title":{"rendered":"O nama"},"content":{"rendered":"<p>[vc_row content_width=&#8221;grid&#8221; css=&#8221;.vc_custom_1466003446593{padding-top: 110px !important;padding-bottom: 100px !important;background-color: #f6f6f6 !important;}&#8221;][vc_column offset=&#8221;vc_col-lg-6 vc_col-md-12&#8243;][vc_column_text css=&#8221;.vc_custom_1611492686587{padding-right: 15% !important;}&#8221;]<\/p>\n<h3>Od jednostavne ideje do najbolje firme za najam velikih svijetle\u0107ih dekorativnih slova ili znakova!<\/h3>\n<p>[\/vc_column_text][vc_empty_space height=&#8221;8px&#8221;][vc_column_text]Tra\u017eite ono ne\u0161to \u0161to \u0107e Va\u0161 dan za pam\u0107enje upotpuniti,u\u010diniti ga druga\u010dijim, posebnijim,<\/p>\n<p>Nudimo velika dekorativna svijetle\u0107a slova za najam koja \u0107e dati sjaj svakoj prigodi i u\u010diniti je jo\u0161 glamuroznijom i posebnijom.<\/p>\n<p>Na\u0161a velika svjetle\u0107a slova savr\u0161ena su za svaku tematsku proslavu,bilo da se radi o ro\u0111endanu , vjen\u010danju , ili promociji.<\/p>\n<p>U \u00a0ponudi imamo slova,brojeve i razne simbole, uvijek popularne inicijale, MRS &amp; MR , LOVE , ili jednostavno se inspirirajte na\u0161om galerijom.<\/p>\n<p>Slova su visine 150 cm,ru\u010dno ra\u0111ena u Hrvatskoj,kao takva unikat su i idealna za svaku prigodu.<\/p>\n<p>Dostavu vr\u0161imo na podru\u010dju republike Hrvatske i \u0161ire.[\/vc_column_text][vc_empty_space][\/vc_column][vc_column offset=&#8221;vc_col-lg-6 vc_col-md-12&#8243;][vc_empty_space][vc_empty_space][vc_empty_space]<div class=\"qodef-progress-bar\">\n\t<h6 class=\"qodef-progress-title-holder clearfix\">\n\t\t<span class=\"qodef-progress-title\">Specijalna zabava<\/span>\n\t\t<span class=\"qodef-progress-number-wrapper\" >\n\t\t\t<span class=\"qodef-progress-number\" >\n\t\t\t\t<span class=\"qodef-percent\">0<\/span>\n                <span class=\"qodef-down-arrow\" ><\/span>\n\t\t\t<\/span>\n\t\t<\/span>\n\t<\/h6>\n\t<div class=\"qodef-progress-content-outer\" style=\"background-color: #ffffff\">\n\t\t<div data-percentage=100 class=\"qodef-progress-content\" style=\"background-color: #ffdf6c\"><\/div>\n\t<\/div>\n<\/div>\t<div class=\"qodef-progress-bar\">\n\t<h6 class=\"qodef-progress-title-holder clearfix\">\n\t\t<span class=\"qodef-progress-title\">Posebni doga\u0111aji<\/span>\n\t\t<span class=\"qodef-progress-number-wrapper\" >\n\t\t\t<span class=\"qodef-progress-number\" >\n\t\t\t\t<span class=\"qodef-percent\">0<\/span>\n                <span class=\"qodef-down-arrow\" ><\/span>\n\t\t\t<\/span>\n\t\t<\/span>\n\t<\/h6>\n\t<div class=\"qodef-progress-content-outer\" style=\"background-color: #ffffff\">\n\t\t<div data-percentage=100 class=\"qodef-progress-content\" style=\"background-color: #ffdf6c\"><\/div>\n\t<\/div>\n<\/div>\t<div class=\"qodef-progress-bar\">\n\t<h6 class=\"qodef-progress-title-holder clearfix\">\n\t\t<span class=\"qodef-progress-title\">Iznena\u0111eni gosti<\/span>\n\t\t<span class=\"qodef-progress-number-wrapper\" >\n\t\t\t<span class=\"qodef-progress-number\" >\n\t\t\t\t<span class=\"qodef-percent\">0<\/span>\n                <span class=\"qodef-down-arrow\" ><\/span>\n\t\t\t<\/span>\n\t\t<\/span>\n\t<\/h6>\n\t<div class=\"qodef-progress-content-outer\" style=\"background-color: #ffffff\">\n\t\t<div data-percentage=100 class=\"qodef-progress-content\" style=\"background-color: #ffdf6c\"><\/div>\n\t<\/div>\n<\/div>\t<div class=\"qodef-progress-bar\">\n\t<h6 class=\"qodef-progress-title-holder clearfix\">\n\t\t<span class=\"qodef-progress-title\">Sjaj svakoj prigodi<\/span>\n\t\t<span class=\"qodef-progress-number-wrapper\" >\n\t\t\t<span class=\"qodef-progress-number\" >\n\t\t\t\t<span class=\"qodef-percent\">0<\/span>\n                <span class=\"qodef-down-arrow\" ><\/span>\n\t\t\t<\/span>\n\t\t<\/span>\n\t<\/h6>\n\t<div class=\"qodef-progress-content-outer\" style=\"background-color: #ffffff\">\n\t\t<div data-percentage=100 class=\"qodef-progress-content\" style=\"background-color: #ffdf6c\"><\/div>\n\t<\/div>\n<\/div>\t[vc_empty_space][\/vc_column][\/vc_row][vc_row content_width=&#8221;grid&#8221; content_aligment=&#8221;center&#8221; css=&#8221;.vc_custom_1615021188075{padding-top: 50px !important;padding-bottom: 0px !important;}&#8221;][vc_column][vc_column_text]<\/p>\n<h3 style=\"text-align: center;\">DIMENZIJE I KOLI\u010cINA<\/h3>\n<p>[\/vc_column_text][\/vc_column][\/vc_row][vc_row content_width=&#8221;grid&#8221; content_aligment=&#8221;center&#8221; css=&#8221;.vc_custom_1610297477410{padding-top: 50px !important;padding-bottom: 50px !important;}&#8221;][vc_column width=&#8221;1\/2&#8243;][vc_single_image image=&#8221;4069&#8243; img_size=&#8221;medium&#8221; alignment=&#8221;center&#8221;][\/vc_column][vc_column width=&#8221;1\/2&#8243;][vc_single_image image=&#8221;4070&#8243; img_size=&#8221;medium&#8221; alignment=&#8221;center&#8221;][\/vc_column][\/vc_row][vc_row content_width=&#8221;grid&#8221; content_aligment=&#8221;center&#8221; css=&#8221;.vc_custom_1610297477410{padding-top: 50px !important;padding-bottom: 50px !important;}&#8221;][vc_column][vc_column_text]<\/p>\n<h3 style=\"text-align: center;\">IMATE DODATNIH PITANJA?<\/h3>\n<p>[\/vc_column_text][vc_column_text css=&#8221;.vc_custom_1610297456917{padding-top: 30px !important;padding-bottom: 30px !important;}&#8221;]<\/p>\n<p style=\"text-align: center;\">Obratite nam se sa Va\u0161im specifi\u010dnim idejama i potrebama &#8211; voljeli bismo vam pomo\u0107i.<\/p>\n<p>[\/vc_column_text]<a itemprop=\"url\" href=\"https:\/\/slovarica.hr\/index.php\/kontakt\/\" target=\"_self\"  class=\"qodef-btn qodef-btn-small qodef-btn-outline\"  >\n    <span class=\"qodef-btn-text\">Kontakt<\/span>\n    <span aria-hidden=\"true\" class=\"qodef-icon-font-elegant  \" ><\/span><\/a>[\/vc_column][\/vc_row]<\/p>\n","protected":false},"excerpt":{"rendered":"<p>[vc_row content_width=&#8221;grid&#8221; css=&#8221;.vc_custom_1466003446593{padding-top: 110px !important;padding-bottom: 100px !important;background-color: #f6f6f6 !important;}&#8221;][vc_column offset=&#8221;vc_col-lg-6 vc_col-md-12&#8243;][vc_column_text css=&#8221;.vc_custom_1611492686587{padding-right: 15% !important;}&#8221;] Od jednostavne ideje do najbolje firme za najam velikih svijetle\u0107ih dekorativnih slova ili znakova! [\/vc_column_text][vc_empty_space height=&#8221;8px&#8221;][vc_column_text]Tra\u017eite ono ne\u0161to \u0161to \u0107e Va\u0161 dan za pam\u0107enje upotpuniti,u\u010diniti ga druga\u010dijim, posebnijim, Nudimo velika dekorativna svijetle\u0107a slova za najam koja \u0107e dati sjaj svakoj prigodi i u\u010diniti je jo\u0161 glamuroznijom i posebnijom. Na\u0161a velika svjetle\u0107a slova savr\u0161ena su za svaku tematsku proslavu,bilo da se radi o ro\u0111endanu , vjen\u010danju , ili promociji. U \u00a0ponudi imamo slova,brojeve i razne simbole, uvijek&#8230;<\/p>\n","protected":false},"author":1,"featured_media":0,"parent":0,"menu_order":0,"comment_status":"closed","ping_status":"closed","template":"full-width.php","meta":{"_joinchat":[],"footnotes":""},"class_list":["post-483","page","type-page","status-publish","hentry"],"yoast_head":"<!-- This site is optimized with the Yoast SEO plugin v21.7 - https:\/\/yoast.com\/wordpress\/plugins\/seo\/ -->\n<title>O nama ~ Slovarica<\/title>\n<meta name=\"description\" content=\"Najam velikih svijetle\u0107ih slova ili znakova za sve prigode.\" \/>\n<meta name=\"robots\" content=\"index, follow, max-snippet:-1, max-image-preview:large, max-video-preview:-1\" \/>\n<link rel=\"canonical\" href=\"https:\/\/slovarica.hr\/index.php\/o-nama\/\" \/>\n<meta property=\"og:locale\" content=\"en_US\" \/>\n<meta property=\"og:type\" content=\"article\" \/>\n<meta property=\"og:title\" content=\"O nama ~ Slovarica\" \/>\n<meta property=\"og:description\" content=\"Najam velikih svijetle\u0107ih slova ili znakova za sve prigode.\" \/>\n<meta property=\"og:url\" content=\"https:\/\/slovarica.hr\/index.php\/o-nama\/\" \/>\n<meta property=\"og:site_name\" content=\"Slovarica\" \/>\n<meta property=\"article:publisher\" content=\"https:\/\/www.facebook.com\/SLOVArica-113001533949358\" \/>\n<meta property=\"article:modified_time\" content=\"2021-03-08T18:55:29+00:00\" \/>\n<meta name=\"twitter:card\" content=\"summary_large_image\" \/>\n<meta name=\"twitter:label1\" content=\"Est. reading time\" \/>\n\t<meta name=\"twitter:data1\" content=\"1 minute\" \/>\n<script type=\"application\/ld+json\" class=\"yoast-schema-graph\">{\"@context\":\"https:\/\/schema.org\",\"@graph\":[{\"@type\":\"WebPage\",\"@id\":\"https:\/\/slovarica.hr\/index.php\/o-nama\/\",\"url\":\"https:\/\/slovarica.hr\/index.php\/o-nama\/\",\"name\":\"O nama ~ Slovarica\",\"isPartOf\":{\"@id\":\"https:\/\/slovarica.hr\/#website\"},\"datePublished\":\"2016-06-03T11:14:19+00:00\",\"dateModified\":\"2021-03-08T18:55:29+00:00\",\"description\":\"Najam velikih svijetle\u0107ih slova ili znakova za sve prigode.\",\"breadcrumb\":{\"@id\":\"https:\/\/slovarica.hr\/index.php\/o-nama\/#breadcrumb\"},\"inLanguage\":\"en-US\",\"potentialAction\":[{\"@type\":\"ReadAction\",\"target\":[\"https:\/\/slovarica.hr\/index.php\/o-nama\/\"]}]},{\"@type\":\"BreadcrumbList\",\"@id\":\"https:\/\/slovarica.hr\/index.php\/o-nama\/#breadcrumb\",\"itemListElement\":[{\"@type\":\"ListItem\",\"position\":1,\"name\":\"Home\",\"item\":\"https:\/\/slovarica.hr\/\"},{\"@type\":\"ListItem\",\"position\":2,\"name\":\"O nama\"}]},{\"@type\":\"WebSite\",\"@id\":\"https:\/\/slovarica.hr\/#website\",\"url\":\"https:\/\/slovarica.hr\/\",\"name\":\"Slovarica\",\"description\":\"Slovarica\",\"publisher\":{\"@id\":\"https:\/\/slovarica.hr\/#organization\"},\"potentialAction\":[{\"@type\":\"SearchAction\",\"target\":{\"@type\":\"EntryPoint\",\"urlTemplate\":\"https:\/\/slovarica.hr\/?s={search_term_string}\"},\"query-input\":\"required name=search_term_string\"}],\"inLanguage\":\"en-US\"},{\"@type\":\"Organization\",\"@id\":\"https:\/\/slovarica.hr\/#organization\",\"name\":\"SLOVArica\",\"url\":\"https:\/\/slovarica.hr\/\",\"logo\":{\"@type\":\"ImageObject\",\"inLanguage\":\"en-US\",\"@id\":\"https:\/\/slovarica.hr\/#\/schema\/logo\/image\/\",\"url\":\"https:\/\/slovarica.hr\/wp-content\/uploads\/2020\/12\/slovarica-prozirni1.png\",\"contentUrl\":\"https:\/\/slovarica.hr\/wp-content\/uploads\/2020\/12\/slovarica-prozirni1.png\",\"width\":328,\"height\":41,\"caption\":\"SLOVArica\"},\"image\":{\"@id\":\"https:\/\/slovarica.hr\/#\/schema\/logo\/image\/\"},\"sameAs\":[\"https:\/\/www.facebook.com\/SLOVArica-113001533949358\",\"https:\/\/www.instagram.com\/slova.rica\/?hl=en\"]}]}<\/script>\n<!-- \/ Yoast SEO plugin. -->","yoast_head_json":{"title":"O nama ~ Slovarica","description":"Najam velikih svijetle\u0107ih slova ili znakova za sve prigode.","robots":{"index":"index","follow":"follow","max-snippet":"max-snippet:-1","max-image-preview":"max-image-preview:large","max-video-preview":"max-video-preview:-1"},"canonical":"https:\/\/slovarica.hr\/index.php\/o-nama\/","og_locale":"en_US","og_type":"article","og_title":"O nama ~ Slovarica","og_description":"Najam velikih svijetle\u0107ih slova ili znakova za sve prigode.","og_url":"https:\/\/slovarica.hr\/index.php\/o-nama\/","og_site_name":"Slovarica","article_publisher":"https:\/\/www.facebook.com\/SLOVArica-113001533949358","article_modified_time":"2021-03-08T18:55:29+00:00","twitter_card":"summary_large_image","twitter_misc":{"Est. reading time":"1 minute"},"schema":{"@context":"https:\/\/schema.org","@graph":[{"@type":"WebPage","@id":"https:\/\/slovarica.hr\/index.php\/o-nama\/","url":"https:\/\/slovarica.hr\/index.php\/o-nama\/","name":"O nama ~ Slovarica","isPartOf":{"@id":"https:\/\/slovarica.hr\/#website"},"datePublished":"2016-06-03T11:14:19+00:00","dateModified":"2021-03-08T18:55:29+00:00","description":"Najam velikih svijetle\u0107ih slova ili znakova za sve prigode.","breadcrumb":{"@id":"https:\/\/slovarica.hr\/index.php\/o-nama\/#breadcrumb"},"inLanguage":"en-US","potentialAction":[{"@type":"ReadAction","target":["https:\/\/slovarica.hr\/index.php\/o-nama\/"]}]},{"@type":"BreadcrumbList","@id":"https:\/\/slovarica.hr\/index.php\/o-nama\/#breadcrumb","itemListElement":[{"@type":"ListItem","position":1,"name":"Home","item":"https:\/\/slovarica.hr\/"},{"@type":"ListItem","position":2,"name":"O nama"}]},{"@type":"WebSite","@id":"https:\/\/slovarica.hr\/#website","url":"https:\/\/slovarica.hr\/","name":"Slovarica","description":"Slovarica","publisher":{"@id":"https:\/\/slovarica.hr\/#organization"},"potentialAction":[{"@type":"SearchAction","target":{"@type":"EntryPoint","urlTemplate":"https:\/\/slovarica.hr\/?s={search_term_string}"},"query-input":"required name=search_term_string"}],"inLanguage":"en-US"},{"@type":"Organization","@id":"https:\/\/slovarica.hr\/#organization","name":"SLOVArica","url":"https:\/\/slovarica.hr\/","logo":{"@type":"ImageObject","inLanguage":"en-US","@id":"https:\/\/slovarica.hr\/#\/schema\/logo\/image\/","url":"https:\/\/slovarica.hr\/wp-content\/uploads\/2020\/12\/slovarica-prozirni1.png","contentUrl":"https:\/\/slovarica.hr\/wp-content\/uploads\/2020\/12\/slovarica-prozirni1.png","width":328,"height":41,"caption":"SLOVArica"},"image":{"@id":"https:\/\/slovarica.hr\/#\/schema\/logo\/image\/"},"sameAs":["https:\/\/www.facebook.com\/SLOVArica-113001533949358","https:\/\/www.instagram.com\/slova.rica\/?hl=en"]}]}},"_links":{"self":[{"href":"https:\/\/slovarica.hr\/index.php\/wp-json\/wp\/v2\/pages\/483","targetHints":{"allow":["GET"]}}],"collection":[{"href":"https:\/\/slovarica.hr\/index.php\/wp-json\/wp\/v2\/pages"}],"about":[{"href":"https:\/\/slovarica.hr\/index.php\/wp-json\/wp\/v2\/types\/page"}],"author":[{"embeddable":true,"href":"https:\/\/slovarica.hr\/index.php\/wp-json\/wp\/v2\/users\/1"}],"replies":[{"embeddable":true,"href":"https:\/\/slovarica.hr\/index.php\/wp-json\/wp\/v2\/comments?post=483"}],"version-history":[{"count":0,"href":"https:\/\/slovarica.hr\/index.php\/wp-json\/wp\/v2\/pages\/483\/revisions"}],"wp:attachment":[{"href":"https:\/\/slovarica.hr\/index.php\/wp-json\/wp\/v2\/media?parent=483"}],"curies":[{"name":"wp","href":"https:\/\/api.w.org\/{rel}","templated":true}]}}